{"id":44,"date":"2025-02-01T23:34:56","date_gmt":"2025-02-01T23:34:56","guid":{"rendered":"http:\/\/perutequiero.org.pe\/?page_id=44"},"modified":"2025-02-26T15:02:58","modified_gmt":"2025-02-26T15:02:58","slug":"ideario","status":"publish","type":"page","link":"https:\/\/perutequiero.org.pe\/?page_id=44","title":{"rendered":"Ideario"},"content":{"rendered":"\t\t<div data-elementor-type=\"wp-page\" data-elementor-id=\"44\" class=\"elementor elementor-44\">\n\t\t\t\t\t\t\t\t\t<section class=\"elementor-section elementor-top-section elementor-element elementor-element-7aa8f257 elementor-section-content-middle elementor-section-boxed elementor-section-height-default elementor-section-height-default\" data-id=\"7aa8f257\" data-element_type=\"section\" data-settings=\"{&quot;background_background&quot;:&quot;classic&quot;}\">\n\t\t\t\t\t\t<div class=\"elementor-container elementor-column-gap-no\">\n\t\t\t\t\t<div class=\"elementor-column elementor-col-100 elementor-top-column elementor-element elementor-element-25ffdb21\" data-id=\"25ffdb21\" data-element_type=\"column\">\n\t\t\t<div class=\"elementor-widget-wrap elementor-element-populated\">\n\t\t\t\t\t\t\t\t<div class=\"elementor-element elementor-element-56cf13da elementor-widget__width-initial elementor-widget elementor-widget-heading\" data-id=\"56cf13da\" data-element_type=\"widget\" data-widget_type=\"heading.default\">\n\t\t\t\t<div class=\"elementor-widget-container\">\n\t\t\t<style>\/*! elementor - v3.15.0 - 20-08-2023 *\/\n.elementor-heading-title{padding:0;margin:0;line-height:1}.elementor-widget-heading .elementor-heading-title[class*=elementor-size-]>a{color:inherit;font-size:inherit;line-height:inherit}.elementor-widget-heading .elementor-heading-title.elementor-size-small{font-size:15px}.elementor-widget-heading .elementor-heading-title.elementor-size-medium{font-size:19px}.elementor-widget-heading .elementor-heading-title.elementor-size-large{font-size:29px}.elementor-widget-heading .elementor-heading-title.elementor-size-xl{font-size:39px}.elementor-widget-heading .elementor-heading-title.elementor-size-xxl{font-size:59px}<\/style><h4 class=\"elementor-heading-title elementor-size-small\">IDEARIO DEL PARTIDO POL\u00cdTICO NACIONAL \"PER\u00da TE QUIERO\u201d\n\u201cEL VERDADERO PER\u00da ES UN PROBLEMA Y UNA POSIBILIDAD\u201d<\/h4>\t\t<\/div>\n\t\t\t\t<\/div>\n\t\t\t\t<div class=\"elementor-element elementor-element-5af04d56 elementor-widget elementor-widget-text-editor\" data-id=\"5af04d56\" data-element_type=\"widget\" data-widget_type=\"text-editor.default\">\n\t\t\t\t<div class=\"elementor-widget-container\">\n\t\t\t<style>\/*! elementor - v3.15.0 - 20-08-2023 *\/\n.elementor-widget-text-editor.elementor-drop-cap-view-stacked .elementor-drop-cap{background-color:#69727d;color:#fff}.elementor-widget-text-editor.elementor-drop-cap-view-framed .elementor-drop-cap{color:#69727d;border:3px solid;background-color:transparent}.elementor-widget-text-editor:not(.elementor-drop-cap-view-default) .elementor-drop-cap{margin-top:8px}.elementor-widget-text-editor:not(.elementor-drop-cap-view-default) .elementor-drop-cap-letter{width:1em;height:1em}.elementor-widget-text-editor .elementor-drop-cap{float:left;text-align:center;line-height:1;font-size:50px}.elementor-widget-text-editor .elementor-drop-cap-letter{display:inline-block}<\/style>\t\t\t\t<p><span style=\"text-decoration: underline;\"><strong>PRESENTACI\u00d3N<\/strong><\/span><\/p><p>El <strong>PARTIDO POL\u00cdTICO NACIONAL PER\u00da TE QUIERO<\/strong> es una organizaci\u00f3n pol\u00edtico-partidaria de l\u00ednea <strong>NACIONALISTA<\/strong> que construir\u00e1 un estado que integre a todas las etnias, con <u>absoluta<\/u> <u>soberan\u00eda<\/u> sobre el territorio patrio, y <strong>HUMANISTA<\/strong> en los valores de justicia, solidaridad, honestidad, libertad, democracia participativa e igualdad de todos. Rechazamos cualquier expresi\u00f3n de racismo, discriminaci\u00f3n y\/o violencia contra la persona humana o sus mascotas, respetamos la propiedad privada y promovemos la libertad de prensa objetiva, veraz y plural.<\/p><p>El Per\u00fa es un pa\u00eds heredero de culturas aut\u00f3ctonas fundidas en el crisol de la evoluci\u00f3n humana por m\u00e1s de 10 mil a\u00f1os, donde cohabitaron m\u00e1s de 72 naciones con identidad propia, bajo un gobierno arm\u00f3nico, la Confederaci\u00f3n del Tahuantinsuyo; hoy estamos aqu\u00ed multiplicados m\u00e1s articulados, fuertes y conscientes que en el pret\u00e9rito. Somos legiones de hombres y mujeres interrelacion\u00e1ndonos, reconstruy\u00e9ndonos, regener\u00e1ndonos, reconoci\u00e9ndonos, herman\u00e1ndonos y queri\u00e9ndonos m\u00e1s y m\u00e1s. Sentimos enorme orgullo al tomar conciencia de nuestros or\u00edgenes; seguimos embelesados por esas corrientes hist\u00f3ricas ancestrales <strong>nacionalistas<\/strong> y <strong>humanistas<\/strong>, combatimos la podredumbre y la miseria en la que nos han sumido los adoradores del inter\u00e9s particular y de la acumulaci\u00f3n de riqueza sin escr\u00fapulos ni l\u00edmites. La democracia tutelada a la que nos han confinado los adoradores de ese modelo econ\u00f3mico llamado neoliberal nos va exterminando, corrompiendo, succionando la moral y la sapiencia de las poblaciones originarias <em>maestras en preservar la naturaleza como renovable fuente de vida<\/em>, busca someter al individuo y sociedad para sumergirlos en un mundo oscuro y f\u00e9tido donde no se valora la vida humana, ni animal, ni vegetal; perjudicando y procurando destruir a la humanidad ajena a sus intereses.<\/p><p>Campesinos, nativos, agricultores, microempresarios, trabajadores, obreros, profesionales, intelectuales, artistas, luchadores sociales, defensores del medio ambiente y de los derechos humanos, jubilados, reservistas y estudiantes conglomerados en diversas agrupaciones a nivel nacional vienen sum\u00e1ndose a esta cruzada de <strong>amor<\/strong> y <strong>dignidad<\/strong> llamada <strong>PARTIDO POL\u00cdTICO NACIONAL PER\u00da TE QUIERO<\/strong>. Luego de 500 a\u00f1os de invasi\u00f3n y genocidio seguidos de dos siglos de falsa independencia a\u00fan persiste la marginaci\u00f3n, discriminaci\u00f3n y la expoliaci\u00f3n de los pueblos y comunidades.<\/p><p><strong><em>Jos\u00e9 Mar\u00eda Arguedas<\/em><\/strong>, <strong><em>Jorge Basadre<\/em><\/strong> y otros grandes pensadores hablaban ya de <strong>un Per\u00fa diferente<\/strong>, <strong>un Per\u00fa con posibilidades<\/strong> de desarrollo pleno bajo la batuta de los principios de nuestros gloriosos antepasados: <strong>AMA SUA <\/strong>(<em>no seas ladr\u00f3n<\/em>)<strong>, AMA LLULLA <\/strong>(<em>no seas mentiroso<\/em>)<strong> y AMA QUELLA <\/strong>(<em>no seas ocioso<\/em>), principios base de la gran transformaci\u00f3n social y econ\u00f3mica.<\/p><p>Los peruanos de bien no descansaremos hasta convertir a la naci\u00f3n amada en un estado exitoso que emplee los recursos estrat\u00e9gicos con sagacidad, que fiscalice con eficiencia, que haga de la concertaci\u00f3n social el n\u00facleo y raz\u00f3n de ser de la convivencia en democracia y que con visi\u00f3n patri\u00f3tica administre eficazmente la ingente riqueza y patrimonio nacional.<\/p><p>PRINCIPIOS: El <strong><em>Partido Pol\u00edtico Nacional Per\u00fa Te Quiero<\/em><\/strong> nace para:<\/p><ol><li>Construir una verdadera democracia participativa en el Per\u00fa donde el sistema pol\u00edtico se origine <strong>\u201c<em>del pueblo<\/em>\u201d<\/strong> est\u00e9 orientado <strong>\u201c<em>por el pueblo<\/em>\u201d<\/strong> y fluya <strong>\u201c<em>para el pueblo<\/em>\u201d<\/strong>.<\/li><li>Dignificar al ciudadano como eje de la acci\u00f3n pol\u00edtica, social e institucional y, por tanto, garantizar el respeto irrestricto a los <strong>derechos humanos<\/strong>, a la <strong>libertad<\/strong> plena e <strong>igualdad de oportunidades<\/strong> dentro de la ley; cultivando la <strong>meritocracia<\/strong>.<\/li><li>Fortalecer el <strong>equilibrio<\/strong> y <strong>separaci\u00f3n de poderes<\/strong> como componente principal de la consolidaci\u00f3n democr\u00e1tica del pa\u00eds.<\/li><li>Consolidar la <strong>justicia<\/strong>, la <strong>igualdad<\/strong>, la <strong>libertad<\/strong>, el <strong>pluralismo pol\u00edtico<\/strong>, la <strong>solidaridad<\/strong> <strong>nacional<\/strong> y la <strong>seguridad ciudadana<\/strong> como pilares principales del estado de derecho.<\/li><li>Garantizar el acceso fluido a <strong>servicios p\u00fablicos de calidad<\/strong> con \u00e9nfasis en educaci\u00f3n, salud, comercio, industria y toda forma l\u00edcita de generaci\u00f3n y distribuci\u00f3n justa de riqueza y bienestar social.<\/li><li>Promover la <strong>econom\u00eda abierta<\/strong> con sensibilidad social donde, con participaci\u00f3n organizada, sapiencia y pragmatismo el estado <strong>impulse<\/strong> las actividades econ\u00f3micas, la explotaci\u00f3n inteligente de las fuentes de riqueza asegurando el desarrollo humano y preservando del medio ambiente y, pueda constituir empresas eficientes que compitan con el sector privado en igualdad de condiciones, liberando a \u00e9stas de cualquier interferencia burocr\u00e1tica y de cualquier otra \u00edndole.<\/li><li>Rescatar para el estado la administraci\u00f3n de los servicios y recursos estrat\u00e9gicos del pa\u00eds.<\/li><li>Consensuar acciones espec\u00edficas para combatir la corrupci\u00f3n en todas sus formas y niveles; as\u00ed como la mediocridad en el desempe\u00f1o de la funci\u00f3n p\u00fablica y la irresponsabilidad en el manejo de los recursos del estado.<\/li><li>Promover reformas profundas en la estructura y poderes del estado para modernizar su administraci\u00f3n y superar conocidos problemas de ra\u00edz coyuntural. Sentar bases s\u00f3lidas y avanzar firme en la consecuci\u00f3n de un <strong>Estado<\/strong> <strong><em>capaz<\/em><\/strong>, <strong><em>honesto<\/em><\/strong>, <strong><em>visionario<\/em><\/strong> y <strong><em>eficiente<\/em><\/strong>.<\/li><\/ol><p><em>JUNTOS CONSTRUIREMOS UNA PATRIA DIGNA Y DESARROLLADA CON TRABAJO, SALUD, EDUCACI\u00d3N E IGUALDAD DE OPORTUNIDADES Y BIENESTAR PARA TODOS<\/em>.<\/p>\t\t\t\t\t\t<\/div>\n\t\t\t\t<\/div>\n\t\t\t\t\t<\/div>\n\t\t<\/div>\n\t\t\t\t\t\t\t<\/div>\n\t\t<\/section>\n\t\t\t\t\t\t\t<\/div>\n\t\t","protected":false},"excerpt":{"rendered":"<p>IDEARIO DEL PARTIDO POL\u00cdTICO NACIONAL &#8220;PER\u00da TE QUIERO\u201d \u201cEL VERDADERO PER\u00da ES UN PROBLEMA Y UNA POSIBILIDAD\u201d PRESENTACI\u00d3N El PARTIDO POL\u00cdTICO NACIONAL PER\u00da TE QUIERO es una organizaci\u00f3n pol\u00edtico-partidaria de l\u00ednea NACIONALISTA que construir\u00e1 un estado que integre a todas las etnias, con absoluta soberan\u00eda sobre el territorio patrio, y HUMANISTA en los valores de &hellip;<\/p>\n<p class=\"read-more\"> <a class=\"\" href=\"https:\/\/perutequiero.org.pe\/?page_id=44\"> <span class=\"screen-reader-text\">Ideario<\/span> Read More &raquo;<\/a><\/p>\n","protected":false},"author":1,"featured_media":0,"parent":0,"menu_order":0,"comment_status":"closed","ping_status":"closed","template":"","meta":{"site-sidebar-layout":"no-sidebar","site-content-layout":"page-builder","ast-site-content-layout":"","site-content-style":"default","site-sidebar-style":"default","ast-global-header-display":"","ast-banner-title-visibility":"","ast-main-header-display":"","ast-hfb-above-header-display":"","ast-hfb-below-header-display":"","ast-hfb-mobile-header-display":"","site-post-title":"disabled","ast-breadcrumbs-content":"","ast-featured-img":"disabled","footer-sml-layout":"","theme-transparent-header-meta":"","adv-header-id-meta":"","stick-header-meta":"","header-above-stick-meta":"","header-main-stick-meta":"","header-below-stick-meta":"","astra-migrate-meta-layouts":"","footnotes":""},"_links":{"self":[{"href":"https:\/\/perutequiero.org.pe\/index.php?rest_route=\/wp\/v2\/pages\/44"}],"collection":[{"href":"https:\/\/perutequiero.org.pe\/index.php?rest_route=\/wp\/v2\/pages"}],"about":[{"href":"https:\/\/perutequiero.org.pe\/index.php?rest_route=\/wp\/v2\/types\/page"}],"author":[{"embeddable":true,"href":"https:\/\/perutequiero.org.pe\/index.php?rest_route=\/wp\/v2\/users\/1"}],"replies":[{"embeddable":true,"href":"https:\/\/perutequiero.org.pe\/index.php?rest_route=%2Fwp%2Fv2%2Fcomments&post=44"}],"version-history":[{"count":7,"href":"https:\/\/perutequiero.org.pe\/index.php?rest_route=\/wp\/v2\/pages\/44\/revisions"}],"predecessor-version":[{"id":147,"href":"https:\/\/perutequiero.org.pe\/index.php?rest_route=\/wp\/v2\/pages\/44\/revisions\/147"}],"wp:attachment":[{"href":"https:\/\/perutequiero.org.pe\/index.php?rest_route=%2Fwp%2Fv2%2Fmedia&parent=44"}],"curies":[{"name":"wp","href":"https:\/\/api.w.org\/{rel}","templated":true}]}}