{"id":45,"date":"2025-02-01T23:34:56","date_gmt":"2025-02-01T23:34:56","guid":{"rendered":"http:\/\/perutequiero.org.pe\/?page_id=45"},"modified":"2025-02-25T22:10:21","modified_gmt":"2025-02-25T22:10:21","slug":"vision","status":"publish","type":"page","link":"https:\/\/perutequiero.org.pe\/?page_id=45","title":{"rendered":"Visi\u00f3n"},"content":{"rendered":"\t\t<div data-elementor-type=\"wp-page\" data-elementor-id=\"45\" class=\"elementor elementor-45\">\n\t\t\t\t\t\t\t\t\t<section class=\"elementor-section elementor-top-section elementor-element elementor-element-58a0f1c0 elementor-section-full_width elementor-section-content-middle elementor-section-height-default elementor-section-height-default\" data-id=\"58a0f1c0\" data-element_type=\"section\" data-settings=\"{&quot;background_background&quot;:&quot;classic&quot;}\">\n\t\t\t\t\t\t<div class=\"elementor-container elementor-column-gap-no\">\n\t\t\t\t\t<div class=\"elementor-column elementor-col-50 elementor-top-column elementor-element elementor-element-4008cb47\" data-id=\"4008cb47\" data-element_type=\"column\">\n\t\t\t<div class=\"elementor-widget-wrap elementor-element-populated\">\n\t\t\t\t\t\t\t\t<div class=\"elementor-element elementor-element-5cf078bc elementor-widget__width-initial elementor-widget elementor-widget-heading\" data-id=\"5cf078bc\" data-element_type=\"widget\" data-widget_type=\"heading.default\">\n\t\t\t\t<div class=\"elementor-widget-container\">\n\t\t\t<style>\/*! elementor - v3.15.0 - 20-08-2023 *\/\n.elementor-heading-title{padding:0;margin:0;line-height:1}.elementor-widget-heading .elementor-heading-title[class*=elementor-size-]>a{color:inherit;font-size:inherit;line-height:inherit}.elementor-widget-heading .elementor-heading-title.elementor-size-small{font-size:15px}.elementor-widget-heading .elementor-heading-title.elementor-size-medium{font-size:19px}.elementor-widget-heading .elementor-heading-title.elementor-size-large{font-size:29px}.elementor-widget-heading .elementor-heading-title.elementor-size-xl{font-size:39px}.elementor-widget-heading .elementor-heading-title.elementor-size-xxl{font-size:59px}<\/style><h3 class=\"elementor-heading-title elementor-size-default\">Visi\u00f3n<\/h3>\t\t<\/div>\n\t\t\t\t<\/div>\n\t\t\t\t\t<\/div>\n\t\t<\/div>\n\t\t\t\t<div class=\"elementor-column elementor-col-50 elementor-top-column elementor-element elementor-element-42cf4885\" data-id=\"42cf4885\" data-element_type=\"column\">\n\t\t\t<div class=\"elementor-widget-wrap elementor-element-populated\">\n\t\t\t\t\t\t\t\t<div class=\"elementor-element elementor-element-7c67de5b elementor-widget elementor-widget-text-editor\" data-id=\"7c67de5b\" data-element_type=\"widget\" data-widget_type=\"text-editor.default\">\n\t\t\t\t<div class=\"elementor-widget-container\">\n\t\t\t<style>\/*! elementor - v3.15.0 - 20-08-2023 *\/\n.elementor-widget-text-editor.elementor-drop-cap-view-stacked .elementor-drop-cap{background-color:#69727d;color:#fff}.elementor-widget-text-editor.elementor-drop-cap-view-framed .elementor-drop-cap{color:#69727d;border:3px solid;background-color:transparent}.elementor-widget-text-editor:not(.elementor-drop-cap-view-default) .elementor-drop-cap{margin-top:8px}.elementor-widget-text-editor:not(.elementor-drop-cap-view-default) .elementor-drop-cap-letter{width:1em;height:1em}.elementor-widget-text-editor .elementor-drop-cap{float:left;text-align:center;line-height:1;font-size:50px}.elementor-widget-text-editor .elementor-drop-cap-letter{display:inline-block}<\/style>\t\t\t\t<p>El <strong>Partido Pol\u00edtico Nacional PER\u00da TE QUIERO<\/strong> es un organismo pol\u00edtico integrado, inclusivo, de profundo sentido \u00e9tico y solidario que <strong>observa al Per\u00fa<\/strong> en <em><u>caos<\/u> <u>social<\/u><\/em>, con <em><u>inseguridad<\/u> <u>ciudadana<\/u> \u00a0<u>emponderada<\/u><\/em> por un ejecutivo y congreso c\u00f3mplices, con <em><u>corrupci\u00f3n<\/u> <u>sist\u00e9mica<\/u><\/em> de larga data promovida e incluso integrada por autoridades o funcionarios de muchos poderes del estado; un <em><u>pa\u00eds<\/u> <u>al<\/u> <u>garete<\/u><\/em> en el que la institucionalidad va rumbo a la demolici\u00f3n total con la <em><u>deuda<\/u> <u>fiscal<\/u><\/em> acrecentada ilegalmente por encima de lo se\u00f1alado en la ley con una <em><u>presi\u00f3n<\/u> <u>tributaria<\/u> <u>fam\u00e9lica<\/u><\/em>; mientras la <em><u>pobreza<\/u> <u>extrema<\/u><\/em>, la <em><u>desnutrici\u00f3n<\/u><\/em>, la <em><u>anemia<\/u><\/em> <em><u>infantil<\/u><\/em>, el <em>bajo nivel de la<\/em> <em><u>educaci\u00f3n<\/u><\/em> <em><u>p\u00fablica<\/u><\/em> y la <em><u>incapacidad<\/u> <u>de<\/u> <u>gasto<\/u><\/em> aumentan exponencialmente las <em><u>entidades<\/u> <u>del<\/u> <u>estado<\/u> <u>colisionan<\/u><\/em> <em><u>entre<\/u> <u>s\u00ed<\/u><\/em> y los pol\u00edticos tradicionales transan en contra de la naci\u00f3n. Por otro lado, en tanto la <u>educaci\u00f3n<\/u> y la <u>salud<\/u> <u>p\u00fablica<\/u> est\u00e1n entumecidas funcionalmente y son mal manejadas, la <em><u>miner\u00eda<\/u><\/em> <em><u>ilegal<\/u><\/em>, con careta de artesanal, se ve fortalecida por pol\u00edticos cainitas desaprensivos con el medio ambiente y la recaudaci\u00f3n tributaria. Por todo ello, y m\u00e1s, los <strong>ciudadanos<\/strong> que <strong>compartimos un profundo y acendrado amor por la Patria y su Pueblo<\/strong> nos organizamos a nivel nacional para recuperar la democracia participativa y mediante estrategias de trabajo organizado, sostenido y honesto pondremos a nuestro <strong>PER\u00da rumbo al desarrollo<\/strong> promoviendo activa y eficazmente la <strong>inversi\u00f3n en todas sus formas<\/strong> y poniendo en marcha <strong>industrializaci\u00f3n intensiva<\/strong> con <u>armon\u00eda<\/u> <u>social<\/u>; de ah\u00ed que el partido es 100% NACIONALISTA y HUMANISTA.<\/p>\t\t\t\t\t\t<\/div>\n\t\t\t\t<\/div>\n\t\t\t\t\t<\/div>\n\t\t<\/div>\n\t\t\t\t\t\t\t<\/div>\n\t\t<\/section>\n\t\t\t\t\t\t\t<\/div>\n\t\t","protected":false},"excerpt":{"rendered":"<p>Visi\u00f3n El Partido Pol\u00edtico Nacional PER\u00da TE QUIERO es un organismo pol\u00edtico integrado, inclusivo, de profundo sentido \u00e9tico y solidario que observa al Per\u00fa en caos social, con inseguridad ciudadana \u00a0emponderada por un ejecutivo y congreso c\u00f3mplices, con corrupci\u00f3n sist\u00e9mica de larga data promovida e incluso integrada por autoridades o funcionarios de muchos poderes del &hellip;<\/p>\n<p class=\"read-more\"> <a class=\"\" href=\"https:\/\/perutequiero.org.pe\/?page_id=45\"> <span class=\"screen-reader-text\">Visi\u00f3n<\/span> Read More &raquo;<\/a><\/p>\n","protected":false},"author":1,"featured_media":0,"parent":0,"menu_order":0,"comment_status":"closed","ping_status":"closed","template":"","meta":{"site-sidebar-layout":"no-sidebar","site-content-layout":"page-builder","ast-site-content-layout":"","site-content-style":"default","site-sidebar-style":"default","ast-global-header-display":"","ast-banner-title-visibility":"","ast-main-header-display":"","ast-hfb-above-header-display":"","ast-hfb-below-header-display":"","ast-hfb-mobile-header-display":"","site-post-title":"disabled","ast-breadcrumbs-content":"","ast-featured-img":"disabled","footer-sml-layout":"","theme-transparent-header-meta":"","adv-header-id-meta":"","stick-header-meta":"","header-above-stick-meta":"","header-main-stick-meta":"","header-below-stick-meta":"","astra-migrate-meta-layouts":"","footnotes":""},"_links":{"self":[{"href":"https:\/\/perutequiero.org.pe\/index.php?rest_route=\/wp\/v2\/pages\/45"}],"collection":[{"href":"https:\/\/perutequiero.org.pe\/index.php?rest_route=\/wp\/v2\/pages"}],"about":[{"href":"https:\/\/perutequiero.org.pe\/index.php?rest_route=\/wp\/v2\/types\/page"}],"author":[{"embeddable":true,"href":"https:\/\/perutequiero.org.pe\/index.php?rest_route=\/wp\/v2\/users\/1"}],"replies":[{"embeddable":true,"href":"https:\/\/perutequiero.org.pe\/index.php?rest_route=%2Fwp%2Fv2%2Fcomments&post=45"}],"version-history":[{"count":7,"href":"https:\/\/perutequiero.org.pe\/index.php?rest_route=\/wp\/v2\/pages\/45\/revisions"}],"predecessor-version":[{"id":127,"href":"https:\/\/perutequiero.org.pe\/index.php?rest_route=\/wp\/v2\/pages\/45\/revisions\/127"}],"wp:attachment":[{"href":"https:\/\/perutequiero.org.pe\/index.php?rest_route=%2Fwp%2Fv2%2Fmedia&parent=45"}],"curies":[{"name":"wp","href":"https:\/\/api.w.org\/{rel}","templated":true}]}}